, -q = -2*p + 381. Let n = p - -163. List the prime factors of n.
2, 3, 59
Let s(c) = -28*c**3 + c. Let h be s(-1). Suppose -h = u + 75. What are the prime factors of (u/30 + 3)*1*-355?
2, 71
Suppose -3376 = -13*x + 9*x. Suppose 4*h = -5*y + x, 0*y - 3*y - 2*h + 508 = 0. Suppose 4*c - y = 40. What are the prime factors of c?
53
Let w be (2/(-12))/((-23)/297666). What are the prime factors of 86/(-215) - w/(-5)?
431
Let v = 4702 + -3579. What are the prime factors of v?
1123
Suppose 5*s = 5*j + 1690, -5*s + 3*j - 4*j + 1720 = 0. Suppose g + 2*l - s = 0, -g + 3*l - l + 327 = 0. What are the prime factors of g?
5, 67
Suppose 405 = -5*w - 4*v, 0 = -3*w - v - 27 - 216. Let x = w - 61. Let t = x - -220. What are the prime factors of t?
2, 3, 13
Let j = -8 - -12. Suppose 25 - 33 = j*f. List the prime factors of (f - -3)*3 - (0 - 27).
2, 3, 5
Let n = -10468 - -11482. What are the prime factors of n?
2, 3, 13
Suppose -93*x - 4 = -95*x. Suppose 4*o - 5 = -x*y + 5*y, -2*y + 10 = 4*o. List the prime factors of (-67*y/3)/((-16)/96).
2, 67
Let l(t) = -3 - 8 - 3*t - 13. Let d be l(-9). Suppose 2*a + d = -3, 4*a - 108 = -3*q. What are the prime factors of q?
2, 5
Suppose -76*g = -78*g - 1358. List the prime factors of 0 - g - (80 - 76).
3, 5
Suppose -119*d - l - 18145 = -123*d, -4525 = -d - 2*l. What are the prime factors of d?
5, 907
Let r(w) = 29*w**2 - 2*w - 9. Suppose 0 = 3*d + 12, -24 + 9 = -n + 3*d. List the prime factors of r(n).
2, 3, 41
What are the prime factors of (-257296)/(-96) - 21/18?
3, 19, 47
Let d(n) = n**3 + 4*n**2 - 6*n - 6. Let w be d(-5). Let y be w + -3*76/(-12). Suppose -168 = -2*j + y. What are the prime factors of j?
3, 31
Suppose -5*s + c - 60 = 0, -4*s = 5*c + 25 - 6. Let k be (-1)/(s/2) + 486/(-11). Let z = k + 137. What are the prime factors of z?
3, 31
Suppose 96455 + 10210 = 5*j. List the prime factors of j.
3, 13, 547
Let n(i) be the second derivative of -i**5/10 - 17*i**4/12 + 17*i**3/3 - 3*i**2 + 18*i - 4. List the prime factors of n(-13).
29, 37
Let o(k) = -9*k + 18. Let w(y) = -y - 22. Let t(p) = 5*p + 9. Let s be t(-4). Let r be w(s). What are the prime factors of o(r)?
3, 13
Suppose -5*d = 4*s - 659, 5*d - 5*s - 560 = d. Suppose -131*z + d*z = 3768. What are the prime factors of z?
2, 3, 157
Suppose 11*m + 204 = 410 - 206. Let n = 195 + -74. Suppose -w = -m*w - n. List the prime factors of w.
11
Suppose -7*x + 44 = 177. List the prime factors of x*(-2*3 + 0/(-6)).
2, 3, 19
Let i be -2 + ((-9882)/90)/((-3)/10). Let a = 118 + i. What are the prime factors of a?
2, 241
Suppose 15149872 = 137*h + 189*h. What are the prime factors of h?
2, 37, 157
Let z(g) = -1195*g - 248. What are the prime factors of z(-16)?
2, 7, 337
Let k be ((-32)/10)/((-2)/270*-1). List the prime factors of (15/20)/((-2)/k).
2, 3
Let f be (12/(-10))/(16/40) - -2421. Suppose 93*t - 87*t = f. List the prime factors of t.
13, 31
Let f(m) = m**2 + 32*m - 63. Let c be f(-34). Suppose -c*v = 2 + 8, -i + 47 = -v. What are the prime factors of i?
3, 5
Suppose -663 = 3*d - y - 4*y, 2*y + 6 = 0. Let p = 346 + d. Suppose -24 = 6*n - p. List the prime factors of n.
2
Suppose t = -2*v - 99, -3*v - 2*t - 104 - 43 = 0. Let r = -26 - v. Suppose -2*a + 5*m = 4*m - 253, 0 = 5*m + r. List the prime factors of a.
2, 31
Let s = -50 - -46. Let m(p) = -8*p**3 + 7*p**2 - 1. Let h(u) = 9*u**3 - 8*u**2 + u + 1. Let a(o) = s*h(o) - 5*m(o). What are the prime factors of a(3)?
2, 5, 7
Suppose 10 = -2*x + 4*x, 0 = 3*h + x - 212. Let o = h - 65. Suppose g = z - 0*g - 47, 5*g + 188 = o*z. What are the prime factors of z?
47
Let g(p) = 0 - 8 + p + 7 - 3. Let j = 12 - 1. List the prime factors of g(j).
7
Suppose 29*q + 99*q = 364288. What are the prime factors of q?
2, 1423
Let z(h) = h**3 + 4*h**2 + 9*h + 12. Let m be z(7). Suppose -8*x = 5*t - 10*x - 3155, m = t + 3*x. What are the prime factors of t?
17, 37
Let w(o) = 375*o - 126*o - 117*o - 118*o + 8*o**2 - o**3. List the prime factors of w(9).
3, 5
What are the prime factors of (-178 + 0)*(-10)/6 - (-1188)/(-1782)?
2, 37
What are the prime factors of ((-2 - 4) + 4)*(-2 + (-1194)/4)?
601
Suppose 0 = -0*n + n - 1. List the prime factors of n - -3 - -7*55.
389
List the prime factors of 12/32 + (-202875)/(-120).
19, 89
Let r = -1344 - 3426. List the prime factors of 1/(-2 - -4 - r/(-2388)).
2, 199
Suppose 5*d + 3*w = -20, -2*w + 16 = -4*d - 3*w. Let g be (-12)/((3/d)/(27/(-24))). What are the prime factors of 4/g - (-370)/45?
2
Suppose 2*m + 7179 = -11061. List the prime factors of m/(-42) + (-24)/(-28).
2, 109
Suppose 84*k = -1645882 + 4673494. List the prime factors of k.
7, 19, 271
Suppose x = -186*c + 190*c + 6640, 6658 = x + 2*c. What are the prime factors of x?
2, 1663
Suppose -4*j + j - 159912 = -27*j. List the prime factors of j.
3, 2221
Let d = -1718 + 7620. Suppose 13*g = d - 1313. What are the prime factors of g?
353
Let s = -99 - 38. Suppose -5*f + 23 = -2, -2*f = -5*n - 110. Let i = n - s. List the prime factors of i.
3, 13
List the prime factors of -5 + -1 - (-7 - 948) - 5/(-5).
2, 5, 19
Let u(y) = 25*y**2 + 20*y - 5. Let b be u(-11). Suppose -2*c + 1400 = a, -3*a + 5*a + b = 4*c. List the prime factors of c.
2, 5, 7
Let s = -773 - -3445. What are the prime factors of s?
2, 167
Let o = 14715 - 9372. What are the prime factors of o?
3, 13, 137
Let k = 8732 - -1435. List the prime factors of k.
3, 3389
Let c(g) be the first derivative of -g**4/4 - g**3 + 6*g**2 - 7*g + 34. Let q be c(-7). Let v = q + -70. What are the prime factors of v?
5, 7
Let g = 76 + -66. Suppose -5*x - 2406 = -g*x + 2*j, -j = 5*x - 2397. List the prime factors of x.
2, 3, 5
Suppose 264 = 14*r - 3*r. Let k = -21 + r. Suppose -4*l = -5*d - k*l + 102, -3*l = -9. List the prime factors of d.
3, 7
Let u(r) = -r**2 - 18*r - 55. Let n be u(-4). List the prime factors of (n - (-170)/6)/((-1)/(-9)).
2, 3, 11
Let i be (2/(4/3))/((-33)/18964). Let l = -809 - i. What are the prime factors of l?
53
Suppose z = -1958 + 2965. List the prime factors of z.
19, 53
What are the prime factors of (-99171)/(-9) + 6/(-15)*-10?
73, 151
Suppose -15837 = -3*w + 9933. List the prime factors of w.
2, 5, 859
Suppose 2*s - 13 = z, -29 = -s + 2*z + 3*z. Let w be 5*s/(-2)*(-9)/30. Suppose -4*g = 2*b - 664, w*g + b - 4*b = 507. What are the prime factors of g?
167
Suppose 9*y + 93*y - 130440 = -18*y. What are the prime factors of y?
1087
Suppose 4*n - 8*n + 3625 = -h, 2*h = 4*n - 3626. Let u = -500 + n. List the prime factors of u.
2, 7, 29
Let l(t) = -10*t + 27. Let g(s) = -s**2 + 8*s + 3. Let u(b) = b**3 - 5*b**2 + 9*b. Let y be u(3). Let n be g(y). List the prime factors of l(n).
3, 29
Suppose 2*a = 3*w + 22497, 2*a - 3*w - 22495 = 2*w. List the prime factors of a.
2, 3, 5
Let p(w) = 572*w - 16. Let y be p(12). Suppose y = -h - 3*h. What are the prime factors of h/(-24) - (1 - -1)/6?
71
Let i be ((-5)/(-2))/(2/4). Let d = 19 - i. Suppose 2*o + 2*z - d = 0, -2*z - 3*z = -5. List the prime factors of o.
2, 3
List the prime factors of 38518/6 - -1 - (-2)/6.
6421
Let t = 39 + -59. What are the prime factors of (t/(-8) - 1)/(24/1552)?
97
Let n(q) = -q**2 + 2*q + 60. Let b be n(6). Let o(y) = y**2 - 24*y + 35. What are the prime factors of o(b)?
467
Let f = -88 + 92. Let j be (-1402)/f + 7/(-14). Let n = j - -491. List the prime factors of n.
2, 5, 7
Suppose -71*i = 61*i - 1988316. List the prime factors of i.
3, 5021
Let f = 40 + -23. Suppose 2*q - 8 = -l, 2*l + 0*l - f = -5*q. Suppose l*t = 5*t - s + 48, 0 = 3*t - s - 160. What are the prime factors of t?
2, 13
Let t(f) = 12*f**2 + 3*f - 3. Let k be (-6)/(-4) + (-7)/14. Let q be t(k). What are the prime factors of (-2 + -48)*-2*q/15?
2, 5
Suppose -i = -5*s - 29, -s + i = 5 - 0. Let w be 130/1*s/(-5). List the prime factors of w*((-5)/3 - (-4 - -1)).
2, 13
Suppose -741885 = -71*a + 1465220 - 499200. What are the prime factors of a?
5, 17, 283
Let r(z) = 19828*z + 1493. What are the prime factors of r(3)?
7, 31, 281
Let k(l) = -3987*l + 806. What are the prime factors of k(-4)?
2, 8377
Suppose -3*p - i - 3*i + 4 = 0, 4*i = -p - 12. Suppose p*l - 18 + 2 = 0. Suppose 0 = -l*a - 2, -4*a - 182 = -w - 0*w. List the prime factors of w.
2, 89
Let o be -1*2 + 20 + -13. Suppose o*g - 8 + 28 = 0. List the prime factors of 2/6 + ((-2552)/3)/g